 - -18. Suppose -6*o + 6 = -p*o. What is the greatest common divisor of o and 54?
6
Suppose 0*u + 137 = u. Let v = 200 - u. Let c(m) = m**3 - 6*m**2 + 7*m - 3. Let g be c(5). Calculate the highest common divisor of g and v.
7
Suppose 9 = -3*x, -2*x + 1 = -2*b - 7*x. Let y(l) = 3*l**2 + 13*l - 7. Let m be y(-7). Calculate the greatest common divisor of m and b.
7
Let q = -69 - -102. Let x be (2/(-3))/(3/(-99)). Calculate the highest common divisor of x and q.
11
Let j = 12 - 7. Suppose -k + j = -2*a + 4*a, -5*k + 1 = -2*a. Let h(c) = c**2 - 1. Let p be h(-2). Calculate the highest common factor of k and p.
1
Suppose 2 = -4*i + 3*i. Let n be (-3 - i)/(-1)*2. Suppose 2*o = -n*o + 240. Calculate the greatest common divisor of o and 24.
12
Let w(i) = 6*i**3 - 3*i**2 - 3*i + 4. Let y be w(3). Let a = 46 - 20. What is the greatest common divisor of a and y?
26
Suppose 2*i + 6 = 3*i. Suppose y - 9 = -2*y. Let h be ((-1)/(-2))/(y/72). Calculate the greatest common divisor of i and h.
6
Suppose -5*x - m + 430 = 0, -4*m = -4*x + 380 - 12. Suppose -5*o = 5*l - 300, -5*o - l + 76 = -216. Calculate the greatest common factor of x and o.
29
Let k = 6 - -39. Suppose -s + k = 2*s. What is the greatest common factor of 150 and s?
15
Suppose -l - 12 = -3*i + l, 19 = 2*i - 5*l. Let z be (-2 - -5) + 21 + i. What is the highest common factor of z and 13?
13
Let n(f) = 7*f - 3. Let b be n(4). Let a be (-77)/5 - 6/(-15). Let h be -1*a/(-2 + 5). What is the greatest common divisor of b and h?
5
Let b = -118 + 238. Suppose 3*f = 58 - 13. What is the greatest common factor of b and f?
15
Let d be 84/(-7)*(-2 - -1). Calculate the greatest common factor of d and 96.
12
Let h be 11*(-33)/6*-2*3. Calculate the greatest common factor of 33 and h.
33
Let a = 69 + -57. Suppose 5*u - 158 - 142 = 0. Calculate the greatest common divisor of a and u.
12
Suppose -40 = -2*b - 12. What is the highest common factor of b and 14?
14
Suppose 25*i + 56 = 27*i. What is the highest common divisor of i and 140?
28
Let l(h) = -9*h**2 - 5*h + 8. Let p(s) = -9*s**2 - 6*s + 9. Let k(a) = -7*l(a) + 6*p(a). Let t be k(-2). Calculate the greatest common divisor of 90 and t.
18
Let m be 15/25*(-2 + -3). Let a be (-8)/(-12) - 34/m. What is the greatest common factor of a and 36?
12
Let a be (-4)/6 - (-4)/6*46. Let t(r) = -23*r - 1. Let z be t(-2). Calculate the highest common divisor of a and z.
15
Let j(c) = c**2 - 5. Let v be j(-4). Suppose 3*d + 2*d - 385 = 0. What is the highest common divisor of d and v?
11
Let o be -3 + (-7)/(-1) - 2. Suppose -o*k = -77 + 17. What is the highest common factor of k and 240?
30
Let g be ((-100)/(-30))/((-4)/(-66)). Calculate the highest common divisor of 22 and g.
11
Let a(u) = -22*u. Suppose 2*z + 5 = -3, 3*v + 5*z = -44. Let k be a(v). What is the greatest common factor of k and 16?
16
Suppose 0 = 2*i - 7 - 15. Let o be i*-1*(3 - 4). What is the highest common divisor of 88 and o?
11
Let w(u) = -3*u - 7. Let n be w(-5). Calculate the highest common divisor of n and 4.
4
Suppose 4*n - 6*n + 28 = 0. Calculate the highest common factor of n and 28.
14
Let x be 3/7 - (-72)/28. Calculate the greatest common factor of 15 and x.
3
Suppose 7*w - 44 = 3*w. Let z = 7 - 6. What is the highest common factor of z and w?
1
Let s be -33*(0 - 2 - -1). What is the greatest common divisor of 22 and s?
11
Let b(d) = -5*d**3 + 3*d**3 + d**3 + 0*d**3 + 16 + d**2. Let x be b(0). Calculate the highest common factor of x and 80.
16
Let j = 7 - -3. Suppose -a + n + 76 = 0, 0 = 3*a + 2*n - n - 244. What is the highest common divisor of a and j?
10
Suppose 5*l = 15 + 185. What is the highest common divisor of l and 60?
20
Suppose -4 = 4*o - k, 3*k = 3*o - o + 2. Let y = o + 4. What is the greatest common divisor of y and 1?
1
Let h be (-3)/9 - ((-120)/9 - -3). Suppose 2*c + 5*n = 4*c - 8, 0 = -n. Suppose -c*m = m - 50. What is the highest common factor of m and h?
10
Let c be ((-2)/6)/(2/(-114)). Let x = c - -143. Calculate the greatest common divisor of 27 and x.
27
Suppose 336 = -5*v + 1001. Let a = v + -67. What is the highest common divisor of 6 and a?
6
Let i = -16 - -27. Let v(u) = -3*u**3 - 3*u - 2. Let d be v(-3). Calculate the greatest common divisor of i and d.
11
Let n = 4 - 12. Let f be (176/(-2))/(n + 7). Calculate the highest common divisor of 11 and f.
11
Let t(p) = 4*p**2 - 8*p + 6. Let u be t(5). Let f = -10 + u. What is the greatest common factor of f and 84?
28
Let a = 8 - 2. Let w(y) = -4*y - 2. Let u be w(a). Let v = u + 38. Calculate the highest common factor of v and 3.
3
Let f(g) = 3*g**2 - 9*g + 1. Let n be f(8). Suppose 2*p = 22 - 0. Calculate the highest common factor of n and p.
11
Suppose 3*y - 7*y + 52 = 0. What is the greatest common divisor of y and 13?
13
Let q = 18 + -11. Suppose 0 = -2*n + q*n - 945. Calculate the highest common divisor of 21 and n.
21
Let b be -1*1*-2*3. Let i(m) = -m**2 + 6*m + 5. Let y be i(b). Suppose 4*s - y*x = 39, -3*s - 3*x + 68 = x. What is the greatest common divisor of 24 and s?
8
Let q be -2 - (13/(-1) - -1). Let a be (-8)/(-3)*(-54)/(-24). Let o(w) = w**3 - 7*w**2 + 9*w - 8. Let i be o(a). What is the highest common factor of q and i?
10
Let q(z) = -z**2 - 5*z - 4. Let k be q(-3). Let w = 3 - k. What is the highest common divisor of w and 2?
1
Let x = -4 - -8. Suppose -32 = -m - 4*s, -s = 4*m - 0*s - 53. Suppose -m = -3*c - 3*v - 3, -c - 5*v - 17 = 0. Calculate the greatest common divisor of c and x.
4
Let f(k) be the second derivative of -17*k**3/6 - k**2/2 - k. Let v be f(-1). What is the greatest common factor of v and 8?
8
Let t(j) = j**3 - 12*j**2 - 9*j + 8. Let i be t(13). Suppose 5*h - 50 = -5*m, -m + 2*h = -0*m - 25. What is the highest common factor of m and i?
15
Let l be 10/55 - 5883/(-11). Suppose -2*u + 5*c + l = 3*u, 206 = 2*u + 2*c. Let p be (u/10)/((-2)/(-4)). Calculate the greatest common divisor of p and 105.
21
Let q(n) = 4*n**2 + 3*n + 6. Let d be q(-3). Let s be (22/3)/(6/9). What is the greatest common factor of s and d?
11
Suppose -2*o + 37 = -7. Let v(l) = -l**2 - 6*l + 3. Suppose -12 = -w + 4*w. Let b be v(w). What is the greatest common factor of o and b?
11
Suppose -4*z - 11 = 1. Let r be (3 + 8)*z/(-3). Calculate the greatest common factor of 33 and r.
11
Let o = -12 + 12. Let n = 13 + o. Suppose 2*y + 13 - 39 = 0. Calculate the greatest common divisor of y and n.
13
Let d be -1*(-1 + 0) + 54. Let p be 0/(-2 + 1) + -42. Let l = 64 + p. What is the highest common divisor of d and l?
11
Let g be ((-4)/(-6))/(3/27). Suppose h - g*p - 10 = -2*p, 0 = 2*h - 4*p - 20. Calculate the highest common divisor of 90 and h.
10
Let y(x) = 62*x + 2. Let z be 8/3 + (-6)/9. Let f be y(z). Calculate the greatest common factor of 14 and f.
14
Let g be 2480/6 + 2/(-6). Suppose 5*l - 77 = g. Calculate the greatest common divisor of l and 14.
14
Suppose 2*c - 22 + 4 = 0. What is the highest common factor of c and 6?
3
Let h(b) be the third derivative of b**5/60 - b**4/6 + b**3/2 - b**2. Let v be h(4). What is the greatest common divisor of v and 15?
3
Let o(a) = a**2 + 6*a - 1. Let n be o(-7). Calculate the highest common factor of n and 4.
2
Let b be ((-32)/(-12))/(-1 + (-21)/(-18)). Suppose 0 = -5*w - 10, 5*q - 63 - 15 = -w. What is the greatest common divisor of b and q?
16
Let i(c) = c**3 - c + 81. Let v be i(0). Calculate the greatest common divisor of 27 and v.
27
Suppose 3*k - 839 = -5*i, 12 = -5*k + 2. What is the highest common divisor of 13 and i?
13
Let n(d) = d**3 + 6*d**2 + 4*d - 3. Let c be n(-5). Let a = -15 + 31. Calculate the highest common factor of c and a.
2
Let a be -3*(1 - (-10)/(-6)). Suppose 5*d = 2 + 38. What is the greatest common divisor of d and a?
2
Let v(u) be the first derivative of 2 + u**2 - 2*u - 2*u + 1 + 2*u. Let d be v(6). Calculate the greatest common divisor of d and 15.
5
Let h(l) = -l + 14. Let u be h(12). Suppose -u*p + 79 + 61 = 0. What is the greatest common divisor of 28 and p?
14
Let v = 55 - 25. Let z be (-1 - 2)*6/(-18). Let o = z + 2. Calculate the highest common factor of v and o.
3
Suppose 7 = 3*r + 1. Let j = 13 - 16. Let s be 18*j*3/(-27). What is the greatest common factor of s and r?
2
Let b = -24 + 40. Let k be (-4)/8 + 18/4. Suppose r + b = -k*s, 3*s + 23 = 